) - -3). Let d(z) = z**2 - 3*z + 2. What is d(s)?
6
Let o be -2 + 2*(-36)/(-8). Suppose -o*v = -3*v. Let h(i) = 0 - 95*i + i**2 + 94*i + v*i**2 + 1. What is h(0)?
1
Let j(c) = 5*c**2 + 6*c - 1. Let k be j(1). Let o(l) = k*l - 2 + 0 + 1. Give o(1).
9
Let y(n) = n**3 + 2*n**2 + n. Let c(m) = -m**2 + 2*m. Let h be (6/(-10))/(12/(-60)). Let u be c(h). What is y(u)?
-12
Let k(j) = 3*j**2 - 15*j**2 + 3*j**2 + 2*j + 10*j**2 + 1 - j**3. Give k(2).
1
Let k(b) = -139*b**2 - 6*b**3 + 7*b**3 + 134*b**2 + 6*b - 6. Determine k(3).
-6
Let y(m) be the first derivative of -6*m**2 - 5*m - 629. What is y(2)?
-29
Let r be 2/(-13) - (-13134)/(-143). Let l = r - -88. Let p(o) = 0*o**2 + o**2 + 3*o + 2 + 0. Determine p(l).
6
Let h(y) = -2*y**3 + 3*y**3 - 3*y + 19*y - 4*y**2 - 24*y. Calculate h(6).
24
Let q(m) = -51*m - 447. Let a be q(-9). Let r(o) = -o**2 + 8*o + 16. What is r(a)?
-32
Let n = -28 - -26. Let r(o) = -o + 6 + 5*o - 2*o. Let c(u) = u + 1. Let g(b) = n*r(b) + 6*c(b). Calculate g(6).
6
Let p(m) = -m**3 - 5*m**2 - 5*m - 3. Suppose -5*a + 20 = -0*a. Let v be 90/25 - a/(-10). Suppose 7 = -f + v. Calculate p(f).
-6
Let u(h) = -h**3 + 2*h**2 - 3*h - 3. Let q = 61 - 58. What is u(q)?
-21
Let u = -17 - -17. Let m(x) = 5 + 4*x + 1 + u. Determine m(-4).
-10
Suppose -14 = -5*d + 86. Let o(x) = -15*x - 13*x - x**2 - 8 + d*x. Calculate o(-7).
-1
Let b(k) be the first derivative of -k**4/4 - 3*k**3 + 7*k**2/2 + 6*k + 486. Give b(-10).
36
Let n(d) = d - 2. Suppose -24 = -4*g + 5*r - 3*r, 3*r = 2*g - 12. Let b be n(g). Let w(f) = 2*f - 4. Determine w(b).
4
Let u(j) = -2*j - 1. Let m(k) = 2*k + 2. Let a(s) = 4*m(s) + 3*u(s). What is a(8)?
21
Let u(f) = -f**2 - 6*f + 1. Let t be u(-6). Let n(l) = 2 - 856*l + 859*l - 2. What is n(t)?
3
Let t(o) = o**3 - 6*o**2 - 6*o - 3. Let a be t(7). Let c(j) = -2*j**2 + 3 - j**3 + a*j**3 + 0 - 2*j. Suppose 9*s + 1 = 19. What is c(s)?
15
Suppose -4*p + 13 = -s, 4*s + 10 + 2 = -4*p. Let g(u) = 11 - u**2 - 2*u**2 - 15 + u + 5. What is g(p)?
-9
Suppose 9*y + 2*v = 10*y - 117, 358 = 3*y + v. Let s = -112 + y. Let d(b) = 2*b + b + 4 - b**2 + 3*b. What is d(s)?
-3
Let n(v) = -4*v + 6. Let j(s) = 2*s**2 - 136*s + 5. Let o be j(68). Calculate n(o).
-14
Let b(o) = -o - 1. Let m(g) = g. Let q(j) = -4*b(j) - 7*m(j). Give q(-4).
16
Let u(y) = 20*y**3 + y. Let d be (1/(-2))/(1/(-16)). Let r be d/24*(-1 + 2/(-1)). Determine u(r).
-21
Let a = 2003 + -2004. Let f(x) = x**2 - 3. Determine f(a).
-2
Let m(g) = -9*g**3 - 1. Let u be (-150)/(-54) - (-6)/27. Let j be u + (4 - (6 + -3)). Suppose -3*o - t = 8, 12 + 9 = -o - j*t. What is m(o)?
8
Let i(c) be the third derivative of -c**6/120 - 7*c**5/60 - c**4/3 - 7*c**3/6 + 116*c**2 + c. What is i(-6)?
5
Suppose 13 = 2*w - 3*j, -4*w + 11 - 6 = j. Let t(r) be the second derivative of -2*r**w + 6*r + 1/6*r**3 + 0. What is t(5)?
1
Let t(i) = -i**2 + 12*i - 9. Let p be t(11). Let b(c) = -6 + 7 - c - 3*c**3 + 4*c**3 - 6*c**2 + 0*c**p. What is b(6)?
-5
Let g(l) = -l**3 - 4*l**2 + l - 2. Suppose 5*b + 26 = -21*n + 24*n, 5*n = -2*b + 2. Give g(b).
-6
Let a(b) = -b**2 - 12*b + 52. Let q(p) = p**2 - 25*p + 135. Let g be q(10). What is a(g)?
7
Let i(o) = 3*o + 7. Let z = 433 + -426. What is i(z)?
28
Let o(t) = 7*t + 2. Let x(z) = -z + 9. Let j be x(6). Let m(s) = 1. Let q(i) = j*m(i) - o(i). Calculate q(3).
-20
Suppose 10*m - 5*m + 30 = 0. Let i(g) = -506 + 21*g**2 - 8*g + 506 - 22*g**2. Determine i(m).
12
Let j(d) = d**2 + 6*d + 3. Let w(n) = 85*n + 139. Let b be w(-2). Let v(q) = q**3 - 5*q**2 - 4*q + 5. Let a be v(4). Let s = b - a. What is j(s)?
-5
Let f = -4 - -4. Let b(r) = -r + 2*r + f*r + 7. Suppose 2*q - 12 = -4*g, -4*q + 4*g - 8 = -7*q. Determine b(q).
3
Let v(o) = -o + 15. Let f(y) = 55*y + 282. Let p be f(-5). Determine v(p).
8
Let c(p) = p**2 - 6. Let n = 80 + -80. Determine c(n).
-6
Let m(q) = -13*q - 11. Let o(h) = 4 + 2 - h - 6*h + 14*h. Let b(t) = -6*m(t) - 11*o(t). Give b(1).
1
Let n(u) = -u - 4. Let l = 44 - 26. Let f be -10*(l/(-4))/9. What is n(f)?
-9
Let f(l) be the first derivative of l**2/2 + 22*l + 454. Calculate f(-15).
7
Let m(p) = 2*p**3 - 5*p**2 + 4*p - 2. Let j be m(2). Let q(w) = -1 - 2*w - 3 + 2. Determine q(j).
-6
Let t(o) = 19 - o - 17 - 1 - 6. Determine t(8).
-13
Let j(l) = -l**2 - 7*l + 7. Let b be j(-7). Let k = -182 + 185. Let v(r) = b - k*r - 7. Give v(-2).
6
Suppose -5*y + 84 = -9*y. Let h = y - -16. Let i be h/(-10) - (-2)/4. Let x(m) = 9*m**3 - 2*m**2 + 1. Calculate x(i).
8
Let u = 9 + -2. Let q(v) = -v. Let n(g) = -6*g + 5. Let p(x) = -n(x) + 5*q(x). Determine p(u).
2
Let k(s) be the first derivative of 4*s**3/3 - s**2/2 + 3*s - 574. Calculate k(2).
17
Let f(k) = 11*k**2 + 13*k + 10. Let m(r) = -31*r**2 - 38*r - 29. Let s(l) = -17*f(l) - 6*m(l). Determine s(7).
4
Let u(c) = c**3 - 6*c**2 + 9*c - 14. Let x = -171 - -176. Determine u(x).
6
Let b be 4/(-14) + 47/(-7). Let c(n) = -n**2 - 10*n - 4. Let l(r) = -2 + 9 + 3*r**2 - 6 + 10 + 31*r. Let x(j) = -7*c(j) - 2*l(j). Calculate x(b).
-1
Let b = 107 + -38. Let h = 74 - b. Let z(o) = -5 + 2*o**2 + 3*o**2 + o**3 - 2*o**3. Calculate z(h).
-5
Let w(k) = -2*k**3 + 3*k**2 + 1. Let q(n) = 5*n**3 - 12*n**2 + 6*n. Let o(y) = q(y) + 3*w(y). Determine o(-4).
-5
Let z(p) = 0 - 3 + 2*p + 4 - 2. Let b = -8 + 1. Let s = -10 - b. What is z(s)?
-7
Let f(b) = b + 15. Let l be f(-7). Suppose -3*k + 3*s + 19 = 7*s, 3*s + 67 = 4*k. Let t = l - k. Let j(c) = -c - 6. Determine j(t).
-1
Let g(q) = -2*q - 7. Let i be g(-5). Suppose 6 = r - 2*v, -i*r + 5 = 3*v - 4. Let k(z) = z**2 + z**3 + z**2 + r*z - 5*z. Give k(-3).
-6
Let a(z) = -16*z - 25. Let t be a(-2). Let c(o) = -o**2 + 6*o + 9. What is c(t)?
2
Suppose 5 = h, -q - 61 = -4*q - 2*h. Suppose -90 - 180 = -15*f. Let y(w) = 34*w**2 - q*w**2 + 8*w - f*w**2 - 7. Calculate y(5).
8
Suppose 4*n + 0*z - 5*z = 40, 4*z = -2*n - 6. Let i = -1 + n. Let s(g) be the second derivative of -g**4/12 + g**3 - 3*g**2 - 3*g. Calculate s(i).
2
Let r(c) = -7*c**2 + 23*c + 19. Let m(p) = -3*p**2 + 10*p + 9. Let s(y) = 5*m(y) - 2*r(y). Calculate s(7).
-14
Let i(f) = -f + 1. Let h(m) = 598*m + 599*m - 1195*m - 3. Let y = 5 - 8. Let r(s) = y*i(s) - h(s). Determine r(3).
3
Let m(b) = 7*b**2 + 5*b. Let h(g) = g**2. Let j(p) = 6*h(p) - m(p). What is j(-4)?
4
Let r(q) be the third derivative of -q**6/180 + q**5/40 + 3*q**4/2 - 26*q**2. Let c(y) be the second derivative of r(y). Determine c(3).
-9
Suppose 7*p = 5*p. Suppose -3*a + 4*a = p. Let m(q) be the third derivative of -q**5/60 - q**3/6 + 2*q**2. Give m(a).
-1
Let z(m) = -1. Let w(k) = -k + 10. Let t(a) = -w(a) - 3*z(a). Give t(6).
-1
Let i(k) = k + 7. Let q be i(13). Suppose -4*u + 4*n = q, -n - n - 4 = 0. Let j(g) = 6*g + 41 - 46 + g**2 - g. Calculate j(u).
9
Let f(s) = -s**3 + 8*s**2 - 9*s + 9. Let w(k) = -9*k**2 + 21*k + 2. Let u(b) = -5*b**2 + 11*b + 1. Let z(x) = -7*u(x) + 4*w(x). Let o be z(6). Calculate f(o).
-5
Let b(l) = 2*l**3 + l**2 + l. Let p(c) = -13*c**3 - 15*c**2 + 7*c + 9. Let r(n) = -6*b(n) - p(n). Determine r(-10).
21
Let j(z) = 7*z + z**2 + 7*z - 20*z + 3 + 8*z. Let q(p) = p**2 - 8*p + 3. Let m be q(7). Calculate j(m).
11
Let s(h) = 2*h - 8. Suppose 11 = c - 2*g, 0 = -4*c - 6*g + 10*g + 36. Determine s(c).
6
Let y(d) = 2*d**3 - 5*d**2 + 5*d. Let j(k) = k**3 - 4*k**2 + 4*k + 1. Let x(g) = 3*j(g) - 2*y(g). Let c = 1020 - 1022. Give x(c).
-1
Suppose -c + 2 = f - 3*f, c - f = 0. Let n(t) = -2*t**3 - 2*t**2 + 3. Let v(w) = w**3 + w**2 + w - 1. Let s(p) = n(p) + v(p). Calculate s(c).
4
Let v(s) = 6*s + 4. Suppose 722*a - 731*a - 36 = 0. Give v(a).
-20
Let j be -35 + 47 + 4/(-1). Let u(a) = -a**2 + 8*a + 4. What is u(j)?
4
Let o(w) = w**2 + 5*w + 4. Let r be o(-5). Let u be 2 + 2*(-2)/r. Let b(k) = 0*k**2 + 14 - 54 - 3*k**2 + 16 + 23. What is b(u)?
-4
Let z(u) = -2*u - 2. Suppose -4*h = 7*q - 4*q - 112, 0 = -2*q + 5*h + 113. Let d = -30 + q. Suppose 0 = -2*c + c + 4*t + 1, -3*c - d = 5*t. Determine z(c).
4
Let k(s) be the first derivative of -4*s**2 - 7*s + 840. Calculate k(-9).
65
Let d(n) = 12*n + 3. Suppose 0 = -s + 7*j - 4*j - 10, 0 = 3*s + 2*j - 3. What is d(s)?
-9
Let b(x) = x**3 - 5*x**2 + 7*x - 7. Let a = 1012 + -1007. Calculate b(a).
28
Suppose 10*o - 5*o - 10 = 0. Let t(d) = 4 + d**2 - o*d**2 + 1. Determine t(0).
5
Let r be (3/(-3))/(1 - 3 - -3). Let v